a7
In base 12, what is 208b84 - -3?
208b87
In base 3, what is 12112110110 + -1?
12112110102
In base 15, what is -103 + 52?
-a1
In base 6, what is 205041452 + 3?
205041455
In base 5, what is 222 + 3223?
4000
In base 12, what is -1619 - -6?
-1613
In base 11, what is 690 - -143?
823
In base 14, what is -d - -97436?
97427
In base 8, what is 67 + 204374?
204463
In base 4, what is 32 + -31013?
-30321
In base 9, what is 2146 + -318?
1727
In base 2, what is 100110010001101110101 - 1?
100110010001101110100
In base 9, what is 6034 + 112?
6146
In base 3, what is -11 - 221012100100?
-221012100111
In base 9, what is 5735 + -15?
5720
In base 13, what is 2b7668 + -5?
2b7663
In base 6, what is -5 + 45311?
45302
In base 5, what is -31 + 2244313?
2244232
In base 9, what is -80 - 5305?
-5385
In base 11, what is 12279a - 1?
122799
In base 12, what is -1b - -42361?
42342
In base 14, what is 1 + -1a27?
-1a26
In base 14, what is 10 - -24?
34
In base 14, what is -31b8b - -2?
-31b89
In base 2, what is 10 + -11111001001110?
-11111001001100
In base 9, what is 32312 - -4?
32316
In base 12, what is -15bb4b + -1?
-15bb50
In base 6, what is 31 + 511013?
511044
In base 16, what is -5 - -1051d?
10518
In base 9, what is -455286 - -2?
-455284
In base 13, what is -29c39 + 4?
-29c35
In base 11, what is 11008 - -4?
11011
In base 11, what is -98a55 + 8?
-98a48
In base 14, what is 3 + 2b37?
2b3a
In base 5, what is -2422214 + 11?
-2422203
In base 10, what is -18 - 7370?
-7388
In base 9, what is -173857 + 4?
-173853
In base 14, what is d0005 - 0?
d0005
In base 3, what is 20 - 10201212?
-10201122
In base 9, what is 188 + 0?
188
In base 12, what is 2a - -7583?
75b1
In base 13, what is -c - -2598a?
2597b
In base 3, what is -20022121002211 - 2?
-20022121002220
In base 13, what is -75 - 5636?
-56ab
In base 9, what is 535251 + -3?
535247
In base 2, what is -110111100 + 1100101000110?
1011110001010
In base 8, what is -252730 - 2?
-252732
In base 2, what is 101 + 1010011000111010110?
1010011000111011011
In base 3, what is 20111201 - 21?
20111110
In base 2, what is -10000000011110111 + 1000?
-10000000011101111
In base 4, what is -112 + -11311?
-12023
In base 15, what is 83 - -a4?
137
In base 12, what is -b2816 - 4?
-b281a
In base 15, what is -6cc670 + -3?
-6cc673
In base 5, what is 4334 - 323?
4011
In base 15, what is -39 + 2d7?
29d
In base 9, what is -4 - -11246?
11242
In base 12, what is -b7a + 257?
-923
In base 7, what is -35141 + -145?
-35316
In base 12, what is -79a1 - -24?
-7979
In base 14, what is 0 + -2687?
-2687
In base 3, what is 1222012 - 1021?
1220221
In base 15, what is 97c - -ee?
a7b
In base 6, what is 442145 + -3?
442142
In base 7, what is 531021 + 5?
531026
In base 2, what is 10001001 - -100101010011?
100111011100
In base 6, what is -441 - 30?
-511
In base 6, what is 2 - 5233425?
-5233423
In base 4, what is -10302222102 + 10?
-10302222032
In base 3, what is 20020 + 220212?
1011002
In base 14, what is -84b + -71?
-8bc
In base 6, what is -1422 - 442?
-2304
In base 2, what is 1001 + -1000000110110?
-1000000101101
In base 10, what is -161 + 4923?
4762
In base 6, what is -42232341 - 0?
-42232341
In base 4, what is 110203 + -110?
110033
In base 8, what is 54 + -157?
-103
In base 4, what is 1303 - -2232332?
2300301
In base 11, what is 61027 + -4?
61023
In base 4, what is -2203000 + 11?
-2202323
In base 4, what is 3132210133 + 11?
3132210210
In base 5, what is 2133202 - 14?
2133133
In base 5, what is -1031 - -212311?
211230
In base 7, what is -122 + 552?
430
In base 10, what is 3925 - 2?
3923
In base 8, what is 45334 - -5?
45341
In base 11, what is 10a9a39 + -5?
10a9a34
In base 3, what is -1020 - -122101120?
122100100
In base 6, what is 5 + 2230414?
2230423
In base 13, what is -a4aaa + -1?
-a4aab
In base 11, what is -2 - 333?
-335
In base 10, what is 4 + 367693?
367697
In base 4, what is -123102 + 102?
-123000
In base 4, what is 322032133 - 10?
322032123
In base 7, what is -2136 - 15?
-2154
In base 14, what is -340bd - -4?
-340b9
In base 7, what is -1 - 214015?
-214016
In base 10, what is 808 + 30?
838
In base 8, what is -1 - 713334?
-713335
In base 4, what is -30232132 + 210?
-30231322
In base 10, what is -341 + 1055?
714
In base 6, what is 24 + -2030534?
-2030510
In base 10, what is -407 - 28?
-435
In base 6, what is 242522241 + -1?
242522240
In base 16, what is -102 - -35d?
25b
In base 6, what is -523 - -1314?
351
In base 10, what is -7909 - -10?
-7899
In base 13, what is -1ab + -11a?
-2c8
In base 12, what is 2b8b26 - -2?
2b8b28
In base 5, what is -3240033 - 3?
-3240041
In base 2, what is 1000 - 101100100101101?
-101100100100101
In base 7, what is -5 - 10240525?
-10240533
In base 9, what is 25303 + 4?
25307
In base 4, what is -2 + -1030110200?
-1030110202
In base 4, what is 23 + 2010302?
2010331
In base 12, what is -6605a0 + 5?
-660597
In base 3, what is 12122 - 10220?
1202
In base 4, what is 11 + 1021233?
1021310
In base 16, what is 5b4 - 28?
58c
In base 10, what is 2 + -2620?
-2618
In base 13, what is -b + 441?
433
In base 3, what is -122100221111 + -1?
-122100221112
In base 10, what is -1751728 + 1?
-1751727
In base 14, what is 10865c - -a?
108668
In base 9, what is 0 - 8645?
-8645
In base 4, what is 10212 + 20?
10232
In base 15, what is 5 - 2183e?
-21839
In base 6, what is -352334453 - 4?
-352334501
In base 4, what is -20 - -1302?
1222
In base 16, what is -d3 - b8?
-18b
In base 10, what is 5 - -29622?
29627
In base 12, what is 16a5 + -407?
129a
In base 5, what is -4 + 1044021?
1044012
In base 7, what is 2 - 256500?
-256465
In base 9, what is -267 + 1652?
1374
In base 3, what is 122 + 2001220022?
2001220221
In base 6, what is 5 + -43552?
-43543
In base 5, what is 3412 + -344?
3013
In base 2, what is 11010011 + -110110?
10011101
In base 2, what is 10110111 + -10000000000111?
-1111101010000
In base 8, what is 1037036 - -12?
1037050
In base 10, what is 17 + -2015?
-1998
In base 6, what is 2 - 25150?
-25144
In base 5, what is -1102312 + 10?
-1102302
In base 8, what is -47345 + -1?
-47346
In base 14, what is -9729 + 3?
-9726
In base 3, what is -110222 - 20122?
-201121
In base 2, what is -10 - -11110010101111?
11110010101101
In base 12, what is -4 - -5b1?
5a9
In base 15, what is 2 - -1bc3?
1bc5
In base 8, what is 16 + -53726?
-53710
In base 7, what is 6056503 - -3?
6056506
In base 11, what is -433 - -1835?
1402
In base 8, what is 1572 + 12?
1604
In base 4, what is -122 - -22310231?
22310103
In base 7, what is -1 + -35465?
-35466
In base 12, what is -13 - -3619?
3606
In base 13, what is -1 + 1c4147?
1c4146
In base 6, what is 12 + -4325?
-4313
In base 5, what is 3200 - 142?
3003
In base 14, what is -3 - -238b9?
238b6
In base 3, what is -100221020 - -100?
-100220220
In base 9, what is -142024 + 1?
-142023
In base 12, what is -1 - 736?
-737
In base 7, what is 2 + -13321?
-13316
In base 10, what is -81 + -268?
-349
In base 13, what is 5390 + 20?
53b0
In base 14, what is a + -1b36?
-1b2a
In base 4, what is -211 + 32111?
31300
In base 3, what is -20 - 10000000202?
-10000000222
In base 13, what is -27c5 + -37?
-282c
In base 16, what is 23 + 345?
368
In base 12, what is 6 - -1114?
111a
In base 10, what is 43690 + -4?
43686
In base 5, what is 3001 - 10334?
-2333
In base 5, what is 23 - 13001?
-12423
In base 7, what is -3651161 + 1?
-3651160
In base 14, what is 3da9 + 23?
3dcc
In base 13, what is -76b + 5a?
-711
In base 16, what is -2889 - -7?
-2882
In base 13, what is -3 - 3ac0?
-3ac3
In base 6, what is 10 - 1121152?
-1121142
In base 16, what is 1d + 6a2?
6bf
In base 7, what is -2121206 + -4?
-2121213
In base 12, what is -2a89b2 + 2?
-2a89b0
In base 2, what is 1111101011100 - 1010?
1111101010010
In base 8, what is -151 + 326?
155
In base 16, what is -97f57 + -6?
-97f5d
In base 2, what is -1100010110100001111 + -100?
-1100010110100010011
In base 3, what is 1200002020 - 10122?
1122221121
In base 15, what is 1bc + 216?
3d3
In base 12, what is -2 - -29b51a?
29b518
In base 2, what is 10 + 100001000100001?
100001000100011
In base 13, what is -3 + 11bb46?
11bb43
In base 3, what is -110021 + 201200?
21102
In base 7, what is -100444 + -1?
-100445
In base 5, what is 33214334 + 20?
33214404
In base 15, what is 8eb + -226?
6c5
In base 16, what is -1c9 + -176?
-33f
In base 12, what is 6b + -6968?
-68b9
